 the prime factors of 36567.
3, 17, 239
List the prime factors of 2072.
2, 7, 37
List the prime factors of 40935.
3, 5, 2729
List the prime factors of 1010.
2, 5, 101
What are the prime factors of 10990?
2, 5, 7, 157
List the prime factors of 1039.
1039
What are the prime factors of 528?
2, 3, 11
What are the prime factors of 108838?
2, 54419
List the prime factors of 24645.
3, 5, 31, 53
What are the prime factors of 1142?
2, 571
What are the prime factors of 8632?
2, 13, 83
List the prime factors of 236.
2, 59
List the prime factors of 651.
3, 7, 31
List the prime factors of 615.
3, 5, 41
What are the prime factors of 956?
2, 239
List the prime factors of 616.
2, 7, 11
What are the prime factors of 98293?
13, 7561
What are the prime factors of 6827?
6827
List the prime factors of 28983.
3, 9661
List the prime factors of 692.
2, 173
What are the prime factors of 3885?
3, 5, 7, 37
What are the prime factors of 74537?
19, 3923
List the prime factors of 3880.
2, 5, 97
What are the prime factors of 829?
829
What are the prime factors of 6505?
5, 1301
List the prime factors of 2089.
2089
List the prime factors of 36698.
2, 59, 311
What are the prime factors of 113728?
2, 1777
List the prime factors of 36677.
36677
List the prime factors of 354.
2, 3, 59
What are the prime factors of 8618?
2, 31, 139
List the prime factors of 138.
2, 3, 23
List the prime factors of 25200.
2, 3, 5, 7
What are the prime factors of 150?
2, 3, 5
What are the prime factors of 1751?
17, 103
List the prime factors of 804.
2, 3, 67
What are the prime factors of 2006?
2, 17, 59
List the prime factors of 5259.
3, 1753
What are the prime factors of 443?
443
What are the prime factors of 2620?
2, 5, 131
List the prime factors of 337.
337
What are the prime factors of 1055?
5, 211
List the prime factors of 593.
593
What are the prime factors of 4199?
13, 17, 19
What are the prime factors of 18739?
7, 2677
List the prime factors of 364.
2, 7, 13
List the prime factors of 28669.
28669
List the prime factors of 5681.
13, 19, 23
List the prime factors of 2145.
3, 5, 11, 13
What are the prime factors of 2354?
2, 11, 107
What are the prime factors of 5052?
2, 3, 421
List the prime factors of 5728.
2, 179
What are the prime factors of 18631?
31, 601
What are the prime factors of 1342?
2, 11, 61
List the prime factors of 37044.
2, 3, 7
List the prime factors of 170675.
5, 6827
List the prime factors of 4398.
2, 3, 733
What are the prime factors of 3947?
3947
List the prime factors of 365.
5, 73
What are the prime factors of 49388?
2, 12347
List the prime factors of 61362.
2, 3, 7, 487
List the prime factors of 1664.
2, 13
What are the prime factors of 183603?
3, 7, 1249
List the prime factors of 98666.
2, 49333
List the prime factors of 361.
19
List the prime factors of 39836.
2, 23, 433
List the prime factors of 15994.
2, 11, 727
List the prime factors of 5976.
2, 3, 83
List the prime factors of 13510.
2, 5, 7, 193
What are the prime factors of 370?
2, 5, 37
List the prime factors of 98.
2, 7
What are the prime factors of 84?
2, 3, 7
List the prime factors of 2448.
2, 3, 17
List the prime factors of 31193.
31193
List the prime factors of 4391.
4391
What are the prime factors of 21605?
5, 29, 149
List the prime factors of 284.
2, 71
List the prime factors of 5751.
3, 71
List the prime factors of 2077.
31, 67
List the prime factors of 256.
2
List the prime factors of 1518.
2, 3, 11, 23
List the prime factors of 2088.
2, 3, 29
What are the prime factors of 827?
827
List the prime factors of 73293.
3, 11, 2221
What are the prime factors of 826?
2, 7, 59
List the prime factors of 1249.
1249
What are the prime factors of 18033?
3, 6011
What are the prime factors of 24163?
73, 331
What are the prime factors of 3520?
2, 5, 11
What are the prime factors of 79505?
5, 15901
List the prime factors of 5951.
11, 541
List the prime factors of 4494.
2, 3, 7, 107
List the prime factors of 37934.
2, 13, 1459
What are the prime factors of 4251?
3, 13, 109
List the prime factors of 10317.
3, 19, 181
What are the prime factors of 140307?
3, 46769
List the prime factors of 6089.
6089
List the prime factors of 344.
2, 43
List the prime factors of 667.
23, 29
List the prime factors of 12896.
2, 13, 31
What are the prime factors of 5242?
2, 2621
List the prime factors of 30264.
2, 3, 13, 97
List the prime factors of 3465.
3, 5, 7, 11
What are the prime factors of 103425?
3, 5, 7, 197
List the prime factors of 6870.
2, 3, 5, 229
What are the prime factors of 7653?
3, 2551
List the prime factors of 550.
2, 5, 11
What are the prime factors of 4430?
2, 5, 443
List the prime factors of 3836.
2, 7, 137
List the prime factors of 2239.
2239
What are the prime factors of 2085?
3, 5, 139
List the prime factors of 73187.
163, 449
What are the prime factors of 58715?
5, 11743
List the prime factors of 21358.
2, 59, 181
List the prime factors of 19795.
5, 37, 107
List the prime factors of 31458.
2, 3, 7, 107
List the prime factors of 22905.
3, 5, 509
What are the prime factors of 13?
13
What are the prime factors of 1813?
7, 37
List the prime factors of 1634.
2, 19, 43
List the prime factors of 8564.
2, 2141
What are the prime factors of 209?
11, 19
What are the prime factors of 14853?
3, 4951
List the prime factors of 1323.
3, 7
What are the prime factors of 558?
2, 3, 31
What are the prime factors of 2434?
2, 1217
List the prime factors of 21187.
21187
What are the prime factors of 19651?
43, 457
List the prime factors of 18741.
3, 6247
What are the prime factors of 42214?
2, 21107
What are the prime factors of 639?
3, 71
List the prime factors of 11945.
5, 2389
What are the prime factors of 37956?
2, 3, 3163
List the prime factors of 52613.
11, 4783
What are the prime factors of 11889?
3, 1321
List the prime factors of 5185.
5, 17, 61
List the prime factors of 3701.
3701
What are the prime factors of 2580?
2, 3, 5, 43
What are the prime factors of 7782?
2, 3, 1297
List the prime factors of 10815.
3, 5, 7, 103
List the prime factors of 8718.
2, 3, 1453
List the prime factors of 10454.
2, 5227
What are the prime factors of 15032?
2, 1879
List the prime factors of 7405.
5, 1481
List the prime factors of 44751.
3, 7, 2131
List the prime factors of 3436.
2, 859
What are the prime factors of 790?
2, 5, 79
List the prime factors of 4824.
2, 3, 67
What are the prime factors of 20262?
2, 3, 11, 307
List the prime factors of 4673.
4673
What are the prime factors of 8235?
3, 5, 61
List the prime factors of 1036.
2, 7, 37
List the prime factors of 1266.
2, 3, 211
What are the prime factors of 1210?
2, 5, 11
List the prime factors of 1386.
2, 3, 7, 11
What are the prime factors of 35079?
3, 11, 1063
What are the prime factors of 82852?
2, 7, 11, 269
List the prime factors of 5158.
2, 2579
What are the prime factors of 68?
2, 17
List the prime factors of 1092.
2, 3, 7, 13
What are the prime factors of 1542?
2, 3, 257
What are the prime factors of 6614?
2, 3307
List the prime factors of 2394.
2, 3, 7, 19
What are the prime factors of 2024?
2, 11, 23
List the prime factors of 423.
3, 47
What are the prime factors of 4135?
5, 827
What are the prime factors of 28877?
67, 431
What are the prime factors of 392?
2, 7
What are the prime factors of 166?
2, 83
List the prime factors of 23955.
3, 5, 1597
What are the prime factors of 447?
3, 149
List the prime factors of 5080.
2, 5, 127
What are the prime factors of 2519?
11, 229
What are the prime factors of 41744?
2, 2609
What are the prime factors of 2048?
2
List the prime factors of 2854.
2, 1427
List the prime factors of 1460.
2, 5, 73
What are the prime factors of 4291?
7, 613
List the prime factors of 636.
2, 3, 53
What are the prime factors of 29517?
3, 9839
List the prime factors of 2073.
3, 691
What are the prime factors of 5847?
3, 1949
List the prime factors of 1385.
5, 277
What are the prime factors of 11386?
2, 5693
What are the prime factors of 10539?
3, 1171
List the prime factors of 2749.
2749
What are the prime factors of 3282?
2, 3, 547
What are the prime factors of 2208?
2, 3, 23
What are the prime factors of 1002?
2, 3, 167
What are the prime factors of 3564?
2, 3, 11
List the prime factors of 769.
769
List the prime factors of 5923.
5923
List the prime factors of 4126